 i?
2, 23
Suppose 4*p - 31569 = 3*c, -6*p - p + 5*c = -55246. What are the prime factors of p?
3, 877
Let m be ((-604)/(-36) - 2) + (-6)/(-27). Suppose 0 = m*i + 5*i - 18000. What are the prime factors of i?
2, 3, 5
Suppose -s + 2 = 5*w, -3*s + 1 = 5*w - 5. Suppose -s*u - 216 + 1007 = 3*p, 0 = -p - 4*u + 247. Suppose -z - 33 = -p. List the prime factors of z.
2, 3, 13
Let m(x) = 66*x - 42. Let y be m(16). Suppose -30*f = -15546 - y. List the prime factors of f.
2, 3, 23
Suppose 3*d = -5*v + 27282, -3*v = -66*d + 70*d - 16367. List the prime factors of v.
3, 17, 107
Let a(j) = j**3 + 51*j**2 - 69*j + 276. List the prime factors of a(-47).
5, 7, 353
Let s = 38 + -17. Suppose -3*r = -k - s, 7 = 4*k - 5. Suppose -r*b + 66 = -2*b. List the prime factors of b.
11
Let k(w) = 104*w - 307*w - 96 + 105*w + 104*w. List the prime factors of k(33).
2, 3, 17
Suppose -3*c + 2*s = -2*s - 6610, -c + 3*s + 2205 = 0. Suppose -41*y - c = -47*y. List the prime factors of y.
367
Suppose -427511 - 267397 = -12*t - 173280. List the prime factors of t.
17, 2557
Let o = 109482 + -64800. What are the prime factors of o?
2, 3, 11, 677
Suppose -b = 4*b - s, 5*s = -4*b. Suppose -5*x - 20 = b, -3*l + 5*x + 0*x + 35 = 0. Suppose -z - 3*z = l*g - 382, -4*g = -8. List the prime factors of z.
3, 31
Suppose 5*u + 11 = -x, -u = 5*x + 17 - 10. List the prime factors of u/9 - 25660/(-135)*3.
2, 3, 5, 19
What are the prime factors of (-18)/30 + -382*((-1215)/50 - 2)?
2, 5023
Let z = -3234 - -10265. List the prime factors of z.
79, 89
Suppose 873*n = 857*n + 52672. List the prime factors of n.
2, 823
Suppose -13*d = -10*d + 4*u - 3730, -d + 3*u = -1252. Suppose 0 = -k + 5*x + 630, -3*k = -k + 4*x - d. List the prime factors of k.
5
List the prime factors of (3 - (-405)/21)*(3 + 421/2).
2, 3, 13, 61
Suppose -z - 861 = 5*x - 5*z, 0 = 3*x - z + 511. Suppose 0*k + d - 1503 = -5*k, -5*d = -k + 311. Let p = x + k. What are the prime factors of p?
2, 3, 11
Suppose -19*o + 35 = -16*o - 4*c, -5*o - 4*c + 5 = 0. Suppose o*p - 1837 - 1023 = 0. What are the prime factors of p?
2, 11, 13
Let q = 7059 - -915. List the prime factors of q.
2, 3, 443
Suppose 2*w + 3*b + 7 = 6*w, -4*w + 1 = 3*b. Let a be 0*(w/(1 - 2) - -2). Suppose -4*j + 595 = -f - a*f, 275 = 2*j - 5*f. What are the prime factors of j?
2, 3, 5
Suppose 0*q = -3*q + 12, 5*q = -4*p + 5304. What are the prime factors of p?
1321
Let p be (144/(-10))/3*45280/(-48). Suppose -186*r + p = -182*r. What are the prime factors of r?
2, 283
Let r = -97 + 100. Let g(i) = 2*i + 2. Let u be g(r). Let h(a) = a**2 + a + 13. List the prime factors of h(u).
5, 17
Let l(s) = s + 1. Let m be l(-11). Let w = -6 - m. Suppose t - w*t + 225 = 0. List the prime factors of t.
3, 5
Suppose 6*z + 8 - 20 = 0. Let o(i) = -4*i**2 - 3*i - 2. Let s be o(z). Let c = s + 29. What are the prime factors of c?
5
Let g(q) = 2*q**2 + 17*q + 5. Let y(s) = -11*s + 19 - 3*s**2 - 23 - 6*s. Let f(i) = 4*g(i) + 3*y(i). List the prime factors of f(12).
2, 17
Let n(i) = 6865*i**2 + 753*i + 1508. What are the prime factors of n(-2)?
2, 3, 23, 199
Suppose -114*p + 1069199 = 136337. List the prime factors of p.
7, 167
Suppose 5*w + 3 + 2 = -5*f, -4*f - 3*w = -1. Let a(l) = -3 - 56*l + f + 4*l - l**2 + 31*l. What are the prime factors of a(-14)?
3, 11
Let t(w) = 20*w + 111. Let r be t(-7). Let i = 70 + r. What are the prime factors of i?
41
Suppose 143 = 3*z + 131. Suppose 2*h - 36 = -z*t, t + 2*t = -h + 23. What are the prime factors of h?
2
Suppose -5*s + 4*i = -12369, 5*s - 12321 = 13*i - 17*i. List the prime factors of s.
3, 823
List the prime factors of (-3 - (5 - 6))/(0 + (-2)/3947).
3947
Suppose 3*p = -3*x + 13362, 4*x - 301*p - 17817 = -306*p. List the prime factors of x.
61, 73
Let i be (0 - -1)*(4985 + 30). Suppose i - 14925 = -10*a. List the prime factors of a.
991
Let m = -27 - 23. Let s = 50 + m. Suppose -c - 478 = -2*n - 0*c, -4*n + 4*c + 948 = s. What are the prime factors of n?
241
Suppose -b - 2*i = -10829 + 3006, 4*i = -b + 7833. What are the prime factors of b?
13, 601
Suppose -6 = -9*l + 12. Suppose -204 = l*y - 210. What are the prime factors of (490 + -4)/y + -2 + 4?
2, 41
Let s(i) = -43*i - 349. Let w be s(-14). Suppose -245*c - 9448 = -w*c. List the prime factors of c.
1181
Let b be 548/6 + 78/(-18) + 4. Let w = b + -81. Suppose 13*c - 11*c = w, 0 = 3*x + 5*c - 691. What are the prime factors of x?
2, 3, 37
Suppose 3*g - 4*m - 33 = 0, 2*g + 4*m - 2 = -0. Suppose 12*z = g*z - 50. Let c(y) = -y**3 - 8*y**2 + 16*y + 11. What are the prime factors of c(z)?
3, 17
Let z(u) = 133*u**2 + 305*u + 16. What are the prime factors of z(17)?
2, 3, 7, 1039
Suppose 276 = -7*i - 669. Let h be ((-2)/3)/((-132)/i + -1). List the prime factors of ((-304)/10)/((-6)/h).
2, 19
Let r(s) = s**2 + 9*s - 5. Let k be r(-13). Let b = k - -29. Let m = b - -5. List the prime factors of m.
3
Suppose -14*l = -17*l + 3. Suppose v + 7 = t, -3*t - v = 3*v. What are the prime factors of 719/t + l + 6/(-8)?
2, 3, 5
Let t(k) = -k**2 + 4*k. Let o be t(4). Suppose o = -3*q - 8*q + 264. Suppose -28*b + 196 = -q*b. List the prime factors of b.
7
Suppose 0 = 18*n - 16*n - 2. Let d be -3 + 2 - (-443)/n. Suppose d = 2*q + 4*l, -230 = -2*q - 5*l + 212. What are the prime factors of q?
13, 17
Suppose 288 = -2*s + 5*b, 0 = -2*s + 4*b - 7*b - 256. Let h(u) = -4*u**3 + 4*u**2 - 5. Let p be h(4). Let x = s - p. List the prime factors of x.
3, 7
Suppose -p + 4060 = 3*p. Suppose 2*q - p = -15603. List the prime factors of q/(-70) + 2/(-10).
2, 13
Let c = 295 - 163. Suppose -3*k = -q + 322, 539 + c = 2*q + 3*k. What are the prime factors of q?
331
Suppose 18923 = 4*p + 4859 - 10004. List the prime factors of p.
11, 547
Let x(f) = -17*f - 95. Let t be x(-6). List the prime factors of ((-15)/t - (-7)/49) + 365.
3, 11
Suppose 4*w + q = 67795, 50843 = -5*w + 8*w + 4*q. What are the prime factors of w?
17, 997
Suppose t + 4*t + 3*c - 14 = 0, -2*t - c + 6 = 0. Suppose -t*g - 5*u = -184, -3*g = 2*u - 82 - 63. List the prime factors of g.
3, 17
Let z(a) = 6*a**2 + 1. Let y = 329 - 339. What are the prime factors of z(y)?
601
Let f(v) = -9*v**2 + 63*v + 2. Let n be f(7). Suppose n*j - 1739 = -u, -5*u + 1419 = 2*j - 324. What are the prime factors of j?
11, 79
Suppose 217*o = 216*o + 10. Suppose 2*v - 2424 = -5*x, 8 = -x + o. What are the prime factors of v?
17, 71
Let z = -1519 + 891. Let i = -67 - z. What are the prime factors of i?
3, 11, 17
Let k = 58 + 126. Let g = 416 - k. Suppose 32 = -5*c + g. What are the prime factors of c?
2, 5
Let l be 1 - (1/(-5) - 22/(-10)). Let n be l*1 + (9 - -8122). What are the prime factors of n/105 - 6/14?
7, 11
Let o(j) = 9*j + 21. Let w be o(-2). Suppose 73 - 226 = w*c. Let y = c - -185. What are the prime factors of y?
2, 67
Let f(g) = 6*g**2 + 7. Let o be f(3). Suppose 73 = -2*b + o. List the prime factors of (-2)/b - (-781)/33.
2, 3
Let y(x) = 16 + 15*x**2 - x**3 - 50 + 10 - 20*x. List the prime factors of y(12).
2, 3, 7
Let b be (4*-3)/(1*(-9)/642). Let g = b - 572. What are the prime factors of g?
2, 71
List the prime factors of 12/8*(0 + 33980/30).
1699
Let k = 947 + -942. Suppose k*i + 5*i = 3680. What are the prime factors of i?
2, 23
Suppose 66*z = -20*z + 15*z + 69083. What are the prime factors of z?
7, 139
Let d = -578 + 594. Suppose 35*f - 17136 = -d*f. List the prime factors of f.
2, 3, 7
Let i(l) = l + 10. Let u be i(-5). Suppose -u*x - 11 = 9, 3*x + 3787 = 5*o. What are the prime factors of o?
5, 151
Suppose -4*x - b + 207606 = 0, -5*x - 634*b + 639*b = -259545. List the prime factors of x.
3, 73, 79
Suppose -4*b + a - 4 = 0, -b + 0*a - a = 6. Let t(z) = -z**3 - z**2 + z + 4. Let o be t(b). Suppose o*q - 5*q - 125 = 0. What are the prime factors of q?
5
Let m = -636 - -3790. List the prime factors of m.
2, 19, 83
Suppose 0 = 29*m - 74 - 158. Suppose -1891 = m*x - 10811. List the prime factors of x.
5, 223
Let r(v) = -2*v + 2. Let h(c) = -86*c + 127. Let d(z) = -h(z) - 3*r(z). List the prime factors of d(12).
971
Let l(i) = 10*i + 159. Suppose -4*b - 56 = 2*o, -10*b - 3*o = -7*b + 48. What are the prime factors of l(b)?
3, 13
Suppose -33 - 137 = 5*w. Let k be (w/4 - -1)*(-2)/3. Suppose k*l = -3*c - 9, 0*l = c + 5*l + 13. What are the prime factors of c?
2
Let w(j) = -8*